{"id":1148,"date":"2019-07-01T15:49:46","date_gmt":"2019-07-01T18:49:46","guid":{"rendered":"http:\/\/gaiaon.hospedagemdesites.ws\/dev\/sitebueno\/\/?page_id=1148"},"modified":"2021-01-06T12:19:43","modified_gmt":"2021-01-06T14:19:43","slug":"estrutura","status":"publish","type":"page","link":"https:\/\/buenogestaoambiental.com.br\/website\/estrutura\/","title":{"rendered":"Nossa estrutura"},"content":{"rendered":"<p>[vc_row][vc_column width=&#8221;3\/4&#8243;][vc_row_inner][vc_column_inner width=&#8221;1\/2&#8243;][vc_single_image image=&#8221;1150&#8243; img_size=&#8221;full&#8221; alignment=&#8221;center&#8221;][vc_empty_space][vc_column_text css=&#8221;.vc_custom_1562008687943{padding-right: 10px !important;padding-left: 10px !important;}&#8221;]<\/p>\n<h3>Ambiente acolhedor <span class=\"tiny-border\">x<\/span><\/h3>\n<p>[\/vc_column_text][vc_empty_space][vc_column_text css=&#8221;.vc_custom_1575577749776{padding-right: 10px !important;padding-left: 10px !important;}&#8221;]A Bueno possui uma estrutura operacional e administrativa como poucas empresas em seu ramo. Para quem tem a imagem de uma recicladora como um local sujo, desorganizado e sucateado pode se surpreender ao conhecer nossas instala\u00e7\u00f5es. Logo na recep\u00e7\u00e3o, pr\u00e9dio que abriga nossa \u00e1rea administrativa, o visitante encontra um ambiente moderno, digno das mais conceituadas empresas. Temos orgulho do nosso trabalho, por isso fazemos quest\u00e3o de que nossos colaboradores, fornecedores e clientes sintam-se bem acolhidos em nossas instala\u00e7\u00f5es.[\/vc_column_text][\/vc_column_inner][vc_column_inner width=&#8221;1\/2&#8243;][vc_single_image image=&#8221;1308&#8243; img_size=&#8221;800&#215;371&#8243; alignment=&#8221;center&#8221;][vc_empty_space][vc_column_text css=&#8221;.vc_custom_1562008567315{padding-right: 10px !important;padding-left: 10px !important;}&#8221;]<\/p>\n<h3>Frota <span class=\"tiny-border\">x<\/span><\/h3>\n<p>[\/vc_column_text][vc_empty_space][vc_column_text css=&#8221;.vc_custom_1575577770911{padding-right: 10px !important;padding-left: 10px !important;}&#8221;]Frota constantemente renovada e ca\u00e7ambas apropriadas para cada tipo de material que transportamos, n\u00e3o \u00e9 luxo, mas sinal do profissionalismo com que tratamos nosso neg\u00f3cio.[\/vc_column_text][\/vc_column_inner][\/vc_row_inner][vc_separator css=&#8221;.vc_custom_1562011825364{padding-top: 52px !important;padding-bottom: 52px !important;}&#8221;][vc_row_inner][vc_column_inner width=&#8221;1\/2&#8243;][vc_gallery interval=&#8221;3&#8243; images=&#8221;1413,1411,1412&#8243; img_size=&#8221;full&#8221;][vc_empty_space][vc_column_text css=&#8221;.vc_custom_1562011072193{padding-right: 10px !important;padding-left: 10px !important;}&#8221;]<\/p>\n<h3>Estoque <span class=\"tiny-border\">x<\/span><\/h3>\n<p>[\/vc_column_text][vc_empty_space][vc_column_text css=&#8221;.vc_custom_1609940235303{padding-right: 10px !important;padding-left: 10px !important;}&#8221;]O grande volume de materiais que processamos diariamente exige uma \u00e1rea igualmente grande para estocagem, s\u00e3o cerca de 10 mil m\u00b2 de \u00e1rea coberta para Recicl\u00e1veis, 3 mil m\u00b2 para sucatas Ferrosas e N\u00e3o Ferrosas, 12 mil m\u00b2 de \u00e1rea p\u00e1tio a c\u00e9u aberto para sucatas Ferrosas e N\u00e3o Ferrosas onde os materiais, ap\u00f3s processados, s\u00e3o devidamente classificados e estocados segundo o escopo dos nossos clientes, normas de seguran\u00e7a, meio ambiente e qualidade.[\/vc_column_text][\/vc_column_inner][vc_column_inner width=&#8221;1\/2&#8243;][vc_gallery interval=&#8221;3&#8243; images=&#8221;1310,1410&#8243; img_size=&#8221;full&#8221;][vc_empty_space][vc_column_text css=&#8221;.vc_custom_1562011152729{padding-right: 10px !important;padding-left: 10px !important;}&#8221;]<\/p>\n<h3>Tecnologia <span class=\"tiny-border\">x<\/span><\/h3>\n<p>[\/vc_column_text][vc_empty_space][vc_column_text css=&#8221;.vc_custom_1609940285964{padding-right: 10px !important;padding-left: 10px !important;}&#8221;]A transforma\u00e7\u00e3o de grandes volumes de res\u00edduos de papel, papel\u00e3o, pl\u00e1stico e sucatas ferrosas e n\u00e3o ferrosas em mat\u00e9ria prima reciclada, requer a utiliza\u00e7\u00e3o de equipamentos pesados. Os investimentos em novas tecnologias t\u00eam que ser frequentes, para processar cada vez mais e com melhor qualidade.[\/vc_column_text][\/vc_column_inner][\/vc_row_inner][vc_separator css=&#8221;.vc_custom_1562011840271{padding-top: 52px !important;padding-bottom: 52px !important;}&#8221;][vc_row_inner][vc_column_inner width=&#8221;1\/2&#8243;][vc_single_image image=&#8221;1311&#8243; img_size=&#8221;800&#215;371&#8243; alignment=&#8221;center&#8221;][vc_empty_space][vc_column_text css=&#8221;.vc_custom_1562011377493{padding-right: 10px !important;padding-left: 10px !important;}&#8221;]<\/p>\n<h3>Administra\u00e7\u00e3o <span class=\"tiny-border\">x<\/span><\/h3>\n<p>[\/vc_column_text][vc_empty_space][vc_column_text css=&#8221;.vc_custom_1575577826349{padding-right: 10px !important;padding-left: 10px !important;}&#8221;]As \u00e1rea de Gest\u00e3o de Pessoas, Financeiro, Seguran\u00e7a Patrimonial, Faturamento, Diretoria, Tecnologia da Informa\u00e7\u00e3o, Comercial, Log\u00edstica e principalmente a Produ\u00e7\u00e3o, est\u00e3o empenhadas em fazer da Bueno uma refer\u00eancia em Gest\u00e3o Ambiental.[\/vc_column_text][\/vc_column_inner][vc_column_inner width=&#8221;1\/2&#8243;][vc_single_image image=&#8221;1162&#8243; img_size=&#8221;full&#8221; alignment=&#8221;center&#8221;][vc_empty_space][vc_column_text css=&#8221;.vc_custom_1562011451486{padding-right: 10px !important;padding-left: 10px !important;}&#8221;]<\/p>\n<h3>Seguran\u00e7a no trabalho <span class=\"tiny-border\">x<\/span><\/h3>\n<p>[\/vc_column_text][vc_empty_space][vc_column_text css=&#8221;.vc_custom_1575577842084{padding-right: 10px !important;padding-left: 10px !important;}&#8221;]Manter um ambiente seguro e saud\u00e1vel\u00a0\u00e9 um componente fundamental de nosso sucesso. A Bueno aplica e segue \u00e0s normas nacionais de seguran\u00e7a do trabalho, n\u00e3o apenas por se tratar de exig\u00eancia legal, mas sobretudo pela convic\u00e7\u00e3o de que o bem-estar de nossos colaboradores \u00e9 o bem mais valioso de\u00a0nossa organiza\u00e7\u00e3o.[\/vc_column_text][\/vc_column_inner][\/vc_row_inner][\/vc_column][vc_column width=&#8221;1\/4&#8243;][vc_wp_custommenu nav_menu=&#8221;50&#8243;][\/vc_column][\/vc_row]<\/p>\n","protected":false},"excerpt":{"rendered":"<p>[vc_row][vc_column width=&#8221;3\/4&#8243;][vc_row_inner][vc_column_inner width=&#8221;1\/2&#8243;][vc_single_image image=&#8221;1150&#8243; img_size=&#8221;full&#8221; alignment=&#8221;center&#8221;][vc_empty_space][vc_column_text css=&#8221;.vc_custom_1562008687943{padding-right: 10px !important;padding-left: 10px !important;}&#8221;] Ambiente acolhedor x [\/vc_column_text][vc_empty_space][vc_column_text css=&#8221;.vc_custom_1575577749776{padding-right: 10px !important;padding-left: 10px !important;}&#8221;]A Bueno possui uma estrutura operacional e administrativa como poucas empresas em seu ramo. Para quem tem a imagem de uma recicladora como um local sujo, desorganizado e sucateado pode se surpreender ao conhecer nossas instala\u00e7\u00f5es. [&hellip;]<\/p>\n","protected":false},"author":2,"featured_media":0,"parent":0,"menu_order":0,"comment_status":"closed","ping_status":"closed","template":"page-templates\/template-fullwidth.php","meta":{"_seopress_robots_primary_cat":"","_monsterinsights_skip_tracking":false,"_monsterinsights_sitenote_active":false,"_monsterinsights_sitenote_note":"","_monsterinsights_sitenote_category":0,"footnotes":""},"aioseo_notices":[],"_links":{"self":[{"href":"https:\/\/buenogestaoambiental.com.br\/website\/wp-json\/wp\/v2\/pages\/1148"}],"collection":[{"href":"https:\/\/buenogestaoambiental.com.br\/website\/wp-json\/wp\/v2\/pages"}],"about":[{"href":"https:\/\/buenogestaoambiental.com.br\/website\/wp-json\/wp\/v2\/types\/page"}],"author":[{"embeddable":true,"href":"https:\/\/buenogestaoambiental.com.br\/website\/wp-json\/wp\/v2\/users\/2"}],"replies":[{"embeddable":true,"href":"https:\/\/buenogestaoambiental.com.br\/website\/wp-json\/wp\/v2\/comments?post=1148"}],"version-history":[{"count":13,"href":"https:\/\/buenogestaoambiental.com.br\/website\/wp-json\/wp\/v2\/pages\/1148\/revisions"}],"predecessor-version":[{"id":1414,"href":"https:\/\/buenogestaoambiental.com.br\/website\/wp-json\/wp\/v2\/pages\/1148\/revisions\/1414"}],"wp:attachment":[{"href":"https:\/\/buenogestaoambiental.com.br\/website\/wp-json\/wp\/v2\/media?parent=1148"}],"curies":[{"name":"wp","href":"https:\/\/api.w.org\/{rel}","templated":true}]}}