{"id":1126,"date":"2019-07-01T11:58:03","date_gmt":"2019-07-01T14:58:03","guid":{"rendered":"http:\/\/gaiaon.hospedagemdesites.ws\/dev\/sitebueno\/\/?page_id=1126"},"modified":"2019-07-03T10:22:06","modified_gmt":"2019-07-03T13:22:06","slug":"historia","status":"publish","type":"page","link":"https:\/\/buenogestaoambiental.com.br\/website\/historia\/","title":{"rendered":"Nossa Hist\u00f3ria"},"content":{"rendered":"<p>[vc_row][vc_column width=&#8221;3\/4&#8243;][vc_column_text css=&#8221;.vc_custom_1562006366924{padding-bottom: 60px !important;}&#8221;]<\/p>\n<h2>Nossa Hist\u00f3ria <span class=\"tiny-border\">x<\/span><\/h2>\n<p>[\/vc_column_text][vc_column_text]Localizada em Mogi Gua\u00e7u, interior de S\u00e3o Paulo, \u00e0s margens da\u00a0rodovia SP 340, a Bueno \u00e9 uma empresa que pensa na preserva\u00e7\u00e3o ambiental e no futuro, por isso est\u00e1 sempre investindo em equipamentos de \u00faltima gera\u00e7\u00e3o, treinando funcion\u00e1rios e dando assist\u00eancia total na gest\u00e3o de res\u00edduos, desde a coleta at\u00e9\u00a0sua destina\u00e7\u00e3o final.<\/p>\n<p>A imagem da empresa firmou-se por sua compet\u00eancia e honestidade, sempre buscando atender \u00e0s necessidades dos clientes e dos fornecedores, visando prestar um servi\u00e7o de qualidade e facilitando o cotidiano de todos os envolvidos.[\/vc_column_text][vc_column_text]\t\t\t<section id=\"cd-timeline\" class=\"cd-container timeline-express\">\n\n\t\t\t\n<div class=\"cd-timeline-block julho 01 1960 announcement-1128 no-animation no-icon\">\n\n\t\n\t\t<div class=\"cd-timeline-img cd-picture icon-no-readmore\" style=\"background:#75CE66;\">\n\n\t\t\t<!-- Custom Action Hook -->\n\t\t\t\n\t\t\t\t<!-- Standard Font Awesome Icon -->\n\t\t\t\t<span class=\"fa fa-dot-circle-o\" title=\"O In\u00edcio\"><\/span>\n\n\t\t\t\n\t\t<\/div> <!-- cd-timeline-img -->\n\n\t\n\t<!-- Timeline Content -->\n\t<div class=\"cd-timeline-content\">\n\n\t\t\n\t\t<!-- Announcement Title -->\n\t\t<div class=\"cd-timeline-title-container\">\n\n\t\t\t\n\t\t\t<h2 class=\"cd-timeline-item-title\">\n\t\t\t\tO In\u00edcio\t\t\t<\/h2>\n\n\t\t\t\t\t\t\t<p class=\"timeline-date\">\n\t\t\t\t\t1960\t\t\t\t<\/p>\n\t\t\t\t\t\t<\/div>\n\t\t<!-- End Announcement Title -->\n\n\t\t<img loading=\"lazy\" decoding=\"async\" width=\"415\" height=\"220\" src=\"https:\/\/buenogestaoambiental.com.br\/website\/wp-content\/uploads\/2019\/07\/carroca_415x220.jpg\" class=\"announcement-banner-image\" alt=\"O In\u00edcio\" \/>\n\t\t<!-- Announcement Excerpt -->\n\t\t<div class=\"the-excerpt\">\n\t\t\t<p>Ven\u00e2ncio Bueno de Camargo, pai do Juacir, ap\u00f3s sofrer um derrame fica impossibilitado de continuar na sua profiss\u00e3o de carpinteiro. Nessa \u00e9poca, Mogi Gua\u00e7u era apenas uma promissora e pacata cidade com muitas ruas de terra e poucos bairros e era por essas ruas empoeiradas que, para n\u00e3o deixar a fam\u00edlia passar necessidades, Ven\u00e2ncio viu a oportunidade de coletar reciclados e vend\u00ea-los em pequenos dep\u00f3sitos da regi\u00e3o. Juacir tinha apenas cinco anos de idade e acompanhava o pai diariamente.<\/p>\n\t\t<\/div>\n\t\t<!-- End Announcement Excerpt -->\n\n\t\t\n\t<\/div>\n\t<!-- End Timeline Content -->\n\n<\/div>\n<!-- End Timeline Block -->\n\n<div class=\"cd-timeline-block julho 01 1972 announcement-1130 no-animation no-icon\">\n\n\t\n\t\t<div class=\"cd-timeline-img cd-picture icon-no-readmore\" style=\"background:#75CE66;\">\n\n\t\t\t<!-- Custom Action Hook -->\n\t\t\t\n\t\t\t\t<!-- Standard Font Awesome Icon -->\n\t\t\t\t<span class=\"fa fa-dot-circle-o\" title=\"Responsabilidade\"><\/span>\n\n\t\t\t\n\t\t<\/div> <!-- cd-timeline-img -->\n\n\t\n\t<!-- Timeline Content -->\n\t<div class=\"cd-timeline-content\">\n\n\t\t\n\t\t<!-- Announcement Title -->\n\t\t<div class=\"cd-timeline-title-container\">\n\n\t\t\t\n\t\t\t<h2 class=\"cd-timeline-item-title\">\n\t\t\t\tResponsabilidade\t\t\t<\/h2>\n\n\t\t\t\t\t\t\t<p class=\"timeline-date\">\n\t\t\t\t\t1972\t\t\t\t<\/p>\n\t\t\t\t\t\t<\/div>\n\t\t<!-- End Announcement Title -->\n\n\t\t<img loading=\"lazy\" decoding=\"async\" width=\"415\" height=\"220\" src=\"https:\/\/buenogestaoambiental.com.br\/website\/wp-content\/uploads\/2019\/07\/carroca2_415x220.jpg\" class=\"announcement-banner-image\" alt=\"Responsabilidade\" \/>\n\t\t<!-- Announcement Excerpt -->\n\t\t<div class=\"the-excerpt\">\n\t\t\t<p>Ap\u00f3s o falecimento de seu pai, e apesar da pouca idade, Juacir ficou respons\u00e1vel por cuidar de sua m\u00e3e e irm\u00e3s. Dessa maneira assumiu o pequeno neg\u00f3cio iniciado por seu pai\u00a0e seguiu o caminho da coleta de recicl\u00e1veis para prover o sustento da fam\u00edlia.<\/p>\n\t\t<\/div>\n\t\t<!-- End Announcement Excerpt -->\n\n\t\t\n\t<\/div>\n\t<!-- End Timeline Content -->\n\n<\/div>\n<!-- End Timeline Block -->\n\n<div class=\"cd-timeline-block julho 01 1973 announcement-1132 no-animation no-icon\">\n\n\t\n\t\t<div class=\"cd-timeline-img cd-picture icon-no-readmore\" style=\"background:#75CE66;\">\n\n\t\t\t<!-- Custom Action Hook -->\n\t\t\t\n\t\t\t\t<!-- Standard Font Awesome Icon -->\n\t\t\t\t<span class=\"fa fa-dot-circle-o\" title=\"O Primeiro Ve\u00edculo\"><\/span>\n\n\t\t\t\n\t\t<\/div> <!-- cd-timeline-img -->\n\n\t\n\t<!-- Timeline Content -->\n\t<div class=\"cd-timeline-content\">\n\n\t\t\n\t\t<!-- Announcement Title -->\n\t\t<div class=\"cd-timeline-title-container\">\n\n\t\t\t\n\t\t\t<h2 class=\"cd-timeline-item-title\">\n\t\t\t\tO Primeiro Ve\u00edculo\t\t\t<\/h2>\n\n\t\t\t\t\t\t\t<p class=\"timeline-date\">\n\t\t\t\t\t1973\t\t\t\t<\/p>\n\t\t\t\t\t\t<\/div>\n\t\t<!-- End Announcement Title -->\n\n\t\t<img loading=\"lazy\" decoding=\"async\" width=\"415\" height=\"220\" src=\"https:\/\/buenogestaoambiental.com.br\/website\/wp-content\/uploads\/2019\/07\/caminhao_415x220.jpg\" class=\"announcement-banner-image\" alt=\"O Primeiro Ve\u00edculo\" \/>\n\t\t<!-- Announcement Excerpt -->\n\t\t<div class=\"the-excerpt\">\n\t\t\t<p>Foi um ano de comemora\u00e7\u00e3o na Fam\u00edlia Bueno e o motivo era simples, ao completar 18 anos, Juacir tira sua Carteira de Habilita\u00e7\u00e3o e compra o primeiro caminh\u00e3o para otimizar o tempo na coleta dos recicl\u00e1veis. A partir da\u00ed, o empreendimento come\u00e7ou a crescer. Na \u00e9poca estavam com um dep\u00f3sito no bairro da Capela em Mogi Gua\u00e7u, mas o local de trabalho em pouco tempo come\u00e7ou a ficar pequeno.<\/p>\n\t\t<\/div>\n\t\t<!-- End Announcement Excerpt -->\n\n\t\t\n\t<\/div>\n\t<!-- End Timeline Content -->\n\n<\/div>\n<!-- End Timeline Block -->\n\n<div class=\"cd-timeline-block julho 01 1980 announcement-1134 no-animation no-icon\">\n\n\t\n\t\t<div class=\"cd-timeline-img cd-picture icon-no-readmore\" style=\"background:#75CE66;\">\n\n\t\t\t<!-- Custom Action Hook -->\n\t\t\t\n\t\t\t\t<!-- Standard Font Awesome Icon -->\n\t\t\t\t<span class=\"fa fa-dot-circle-o\" title=\"Mudan\u00e7a\"><\/span>\n\n\t\t\t\n\t\t<\/div> <!-- cd-timeline-img -->\n\n\t\n\t<!-- Timeline Content -->\n\t<div class=\"cd-timeline-content\">\n\n\t\t\n\t\t<!-- Announcement Title -->\n\t\t<div class=\"cd-timeline-title-container\">\n\n\t\t\t\n\t\t\t<h2 class=\"cd-timeline-item-title\">\n\t\t\t\tMudan\u00e7a\t\t\t<\/h2>\n\n\t\t\t\t\t\t\t<p class=\"timeline-date\">\n\t\t\t\t\t1980\t\t\t\t<\/p>\n\t\t\t\t\t\t<\/div>\n\t\t<!-- End Announcement Title -->\n\n\t\t<img loading=\"lazy\" decoding=\"async\" width=\"415\" height=\"220\" src=\"https:\/\/buenogestaoambiental.com.br\/website\/wp-content\/uploads\/2019\/07\/bueno_1980_415x2201.jpg\" class=\"announcement-banner-image\" alt=\"Mudan\u00e7a\" \/>\n\t\t<!-- Announcement Excerpt -->\n\t\t<div class=\"the-excerpt\">\n\t\t\t<p>Mudaram-se ent\u00e3o para um terreno localizado na Avenida John Kennedy, a fim de ampliar a sua sede. O espa\u00e7o possu\u00eda cerca de 3000 m\u00b2 e, ap\u00f3s comprar os lotes nos arredores, aumentou para 6500 m\u00b2.<\/p>\n\t\t<\/div>\n\t\t<!-- End Announcement Excerpt -->\n\n\t\t\n\t<\/div>\n\t<!-- End Timeline Content -->\n\n<\/div>\n<!-- End Timeline Block -->\n\n<div class=\"cd-timeline-block julho 01 1983 announcement-1136 no-animation no-icon\">\n\n\t\n\t\t<div class=\"cd-timeline-img cd-picture icon-no-readmore\" style=\"background:#75CE66;\">\n\n\t\t\t<!-- Custom Action Hook -->\n\t\t\t\n\t\t\t\t<!-- Standard Font Awesome Icon -->\n\t\t\t\t<span class=\"fa fa-dot-circle-o\" title=\"Ampliando os Neg\u00f3cios\"><\/span>\n\n\t\t\t\n\t\t<\/div> <!-- cd-timeline-img -->\n\n\t\n\t<!-- Timeline Content -->\n\t<div class=\"cd-timeline-content\">\n\n\t\t\n\t\t<!-- Announcement Title -->\n\t\t<div class=\"cd-timeline-title-container\">\n\n\t\t\t\n\t\t\t<h2 class=\"cd-timeline-item-title\">\n\t\t\t\tAmpliando os Neg\u00f3cios\t\t\t<\/h2>\n\n\t\t\t\t\t\t\t<p class=\"timeline-date\">\n\t\t\t\t\t1983\t\t\t\t<\/p>\n\t\t\t\t\t\t<\/div>\n\t\t<!-- End Announcement Title -->\n\n\t\t<img loading=\"lazy\" decoding=\"async\" width=\"415\" height=\"220\" src=\"https:\/\/buenogestaoambiental.com.br\/website\/wp-content\/uploads\/2019\/07\/bueno_1983_415x220.jpg\" class=\"announcement-banner-image\" alt=\"Ampliando os Neg\u00f3cios\" \/>\n\t\t<!-- Announcement Excerpt -->\n\t\t<div class=\"the-excerpt\">\n\t\t\t<p>Na sede da Av. John Kenedy foi construindo o primeiro galp\u00e3o, que depois foi ampliado. Ap\u00f3s algum tempo esse local tamb\u00e9m come\u00e7ou a ficar pequeno, exigindo ent\u00e3o um espa\u00e7o maior que comportasse todo o material coletado.<\/p>\n\t\t<\/div>\n\t\t<!-- End Announcement Excerpt -->\n\n\t\t\n\t<\/div>\n\t<!-- End Timeline Content -->\n\n<\/div>\n<!-- End Timeline Block -->\n\n<div class=\"cd-timeline-block julho 01 2000 announcement-1138 no-animation no-icon\">\n\n\t\n\t\t<div class=\"cd-timeline-img cd-picture icon-no-readmore\" style=\"background:#75CE66;\">\n\n\t\t\t<!-- Custom Action Hook -->\n\t\t\t\n\t\t\t\t<!-- Standard Font Awesome Icon -->\n\t\t\t\t<span class=\"fa fa-dot-circle-o\" title=\"A 1\u00aa M\u00e1quina Importada\"><\/span>\n\n\t\t\t\n\t\t<\/div> <!-- cd-timeline-img -->\n\n\t\n\t<!-- Timeline Content -->\n\t<div class=\"cd-timeline-content\">\n\n\t\t\n\t\t<!-- Announcement Title -->\n\t\t<div class=\"cd-timeline-title-container\">\n\n\t\t\t\n\t\t\t<h2 class=\"cd-timeline-item-title\">\n\t\t\t\tA 1\u00aa M\u00e1quina Importada\t\t\t<\/h2>\n\n\t\t\t\t\t\t\t<p class=\"timeline-date\">\n\t\t\t\t\t2000\t\t\t\t<\/p>\n\t\t\t\t\t\t<\/div>\n\t\t<!-- End Announcement Title -->\n\n\t\t<img loading=\"lazy\" decoding=\"async\" width=\"415\" height=\"220\" src=\"https:\/\/buenogestaoambiental.com.br\/website\/wp-content\/uploads\/2019\/07\/primeira_prensa_imabe-21.jpg\" class=\"announcement-banner-image\" alt=\"A 1\u00aa M\u00e1quina Importada\" \/>\n\t\t<!-- Announcement Excerpt -->\n\t\t<div class=\"the-excerpt\">\n\t\t\t<p>Foi providenciada a constru\u00e7\u00e3o da nova sede da Bueno, dessa vez localizada no Parque Industrial Mogi Gua\u00e7u. A \u00e1rea possu\u00eda 13.000 m\u00b2 e um galp\u00e3o com cerca de 4.000 m\u00b2. Nesse mesmo ano, a empresa fez a aquisi\u00e7\u00e3o de uma m\u00e1quina espanhola IMABE para prensar os reciclados. Na \u00e9poca foi um passo de grande ousadia, pois al\u00e9m de ser a segunda prensa deste porte importada para o Brasil, a m\u00e1quina processava grandes quantidades de material. \u201cTodos achavam uma extravag\u00e2ncia desnecess\u00e1ria. Realmente na \u00e9poca ela ficava meio per\u00edodo ociosa, pois n\u00e3o t\u00ednhamos tanta demanda assim, mas foi um investimento pensando realmente<\/p>\n\t\t<\/div>\n\t\t<!-- End Announcement Excerpt -->\n\n\t\t\n\t<\/div>\n\t<!-- End Timeline Content -->\n\n<\/div>\n<!-- End Timeline Block -->\n\n<div class=\"cd-timeline-block julho 01 2002 announcement-1140 no-animation no-icon\">\n\n\t\n\t\t<div class=\"cd-timeline-img cd-picture icon-no-readmore\" style=\"background:#75CE66;\">\n\n\t\t\t<!-- Custom Action Hook -->\n\t\t\t\n\t\t\t\t<!-- Standard Font Awesome Icon -->\n\t\t\t\t<span class=\"fa fa-dot-circle-o\" title=\"Moderniza\u00e7\u00e3o\"><\/span>\n\n\t\t\t\n\t\t<\/div> <!-- cd-timeline-img -->\n\n\t\n\t<!-- Timeline Content -->\n\t<div class=\"cd-timeline-content\">\n\n\t\t\n\t\t<!-- Announcement Title -->\n\t\t<div class=\"cd-timeline-title-container\">\n\n\t\t\t\n\t\t\t<h2 class=\"cd-timeline-item-title\">\n\t\t\t\tModerniza\u00e7\u00e3o\t\t\t<\/h2>\n\n\t\t\t\t\t\t\t<p class=\"timeline-date\">\n\t\t\t\t\t2002\t\t\t\t<\/p>\n\t\t\t\t\t\t<\/div>\n\t\t<!-- End Announcement Title -->\n\n\t\t<img loading=\"lazy\" decoding=\"async\" width=\"415\" height=\"220\" src=\"https:\/\/buenogestaoambiental.com.br\/website\/wp-content\/uploads\/2019\/07\/bueno_2002_415x220.jpg\" class=\"announcement-banner-image\" alt=\"Moderniza\u00e7\u00e3o\" \/>\n\t\t<!-- Announcement Excerpt -->\n\t\t<div class=\"the-excerpt\">\n\t\t\t<p>No dia 16 de novembro de 2002, toda a empresa mudou-se para o Distrito Industrial, apesar do amplo espa\u00e7o, novamente o local passou a ficar pequeno. Necessitando de uma amplia\u00e7\u00e3o, a empresa adquiriu uma \u00e1rea junto \u00e0 prefeitura, chegando aos atuais 22.000 m\u00b2 de terreno e cerca de 10.000 m\u00b2 de \u00e1rea coberta. \u201cDepois que mudamos para o novo galp\u00e3o, n\u00f3s modernizamos quase todas as etapas de produ\u00e7\u00e3o com a implanta\u00e7\u00e3o de\u00a0processos automatizados, deixando apenas a sele\u00e7\u00e3o do material de modo manual. Desse ano em diante o crescimento se deu de forma mais acelerada. Come\u00e7aram a surgir novas oportunidades e<\/p>\n\t\t<\/div>\n\t\t<!-- End Announcement Excerpt -->\n\n\t\t\n\t<\/div>\n\t<!-- End Timeline Content -->\n\n<\/div>\n<!-- End Timeline Block -->\n\n<div class=\"cd-timeline-block julho 03 2012 announcement-1142 no-animation no-icon\">\n\n\t\n\t\t<div class=\"cd-timeline-img cd-picture icon-no-readmore\" style=\"background:#75CE66;\">\n\n\t\t\t<!-- Custom Action Hook -->\n\t\t\t\n\t\t\t\t<!-- Standard Font Awesome Icon -->\n\t\t\t\t<span class=\"fa fa-dot-circle-o\" title=\"A Grande Demanda\"><\/span>\n\n\t\t\t\n\t\t<\/div> <!-- cd-timeline-img -->\n\n\t\n\t<!-- Timeline Content -->\n\t<div class=\"cd-timeline-content\">\n\n\t\t\n\t\t<!-- Announcement Title -->\n\t\t<div class=\"cd-timeline-title-container\">\n\n\t\t\t\n\t\t\t<h2 class=\"cd-timeline-item-title\">\n\t\t\t\tA Grande Demanda\t\t\t<\/h2>\n\n\t\t\t\t\t\t\t<p class=\"timeline-date\">\n\t\t\t\t\t2012\t\t\t\t<\/p>\n\t\t\t\t\t\t<\/div>\n\t\t<!-- End Announcement Title -->\n\n\t\t<img loading=\"lazy\" decoding=\"async\" width=\"415\" height=\"220\" src=\"https:\/\/buenogestaoambiental.com.br\/website\/wp-content\/uploads\/2019\/07\/segunda_prensa_imabe-2.jpg\" class=\"announcement-banner-image\" alt=\"A Grande Demanda\" \/>\n\t\t<!-- Announcement Excerpt -->\n\t\t<div class=\"the-excerpt\">\n\t\t\t<p>\u00c9 adquirida a segunda prensa com um porte maior do que a primeira importada da IMABE. Com o crescimento da empresa, aumentou tamb\u00e9m o n\u00famero de funcion\u00e1rios e a frota. A Bueno ent\u00e3o se especializou no segmento de papel, sem deixar de coletar e processar outros materiais recicl\u00e1veis gerados em processos industriais. Hoje a empresa est\u00e1 consolidando-se no mercado como \u201cgestora de res\u00edduos\u201d.<\/p>\n\t\t<\/div>\n\t\t<!-- End Announcement Excerpt -->\n\n\t\t\n\t<\/div>\n\t<!-- End Timeline Content -->\n\n<\/div>\n<!-- End Timeline Block -->\n\n<div class=\"cd-timeline-block janeiro 06 2018 announcement-1408 no-animation no-icon\">\n\n\t\n\t\t<div class=\"cd-timeline-img cd-picture icon-no-readmore\" style=\"background:#75CE66;\">\n\n\t\t\t<!-- Custom Action Hook -->\n\t\t\t\n\t\t\t\t<!-- Standard Font Awesome Icon -->\n\t\t\t\t<span class=\"fa fa-dot-circle-o\" title=\"Planta de Sucatas Gerais\"><\/span>\n\n\t\t\t\n\t\t<\/div> <!-- cd-timeline-img -->\n\n\t\n\t<!-- Timeline Content -->\n\t<div class=\"cd-timeline-content\">\n\n\t\t\n\t\t<!-- Announcement Title -->\n\t\t<div class=\"cd-timeline-title-container\">\n\n\t\t\t\n\t\t\t<h2 class=\"cd-timeline-item-title\">\n\t\t\t\tPlanta de Sucatas Gerais\t\t\t<\/h2>\n\n\t\t\t\t\t\t\t<p class=\"timeline-date\">\n\t\t\t\t\t2018\t\t\t\t<\/p>\n\t\t\t\t\t\t<\/div>\n\t\t<!-- End Announcement Title -->\n\n\t\t<img loading=\"lazy\" decoding=\"async\" width=\"415\" height=\"220\" src=\"https:\/\/buenogestaoambiental.com.br\/website\/wp-content\/uploads\/2021\/01\/plantasucata-timeline.jpg\" class=\"announcement-banner-image\" alt=\"Planta de Sucatas Gerais\" \/>\n\t\t<!-- Announcement Excerpt -->\n\t\t<div class=\"the-excerpt\">\n\t\t\t<p>Em 2018, a unidade de sucata ferrosa e n\u00e3o ferrosa mudou-se para o Distrito Industrial II, apesar do amplo espa\u00e7o, novamente o local passou a ficar pequeno. Necessitando de uma amplia\u00e7\u00e3o, a empresa adquiriu uma \u00e1rea 15.000 m\u00b2 de terreno e cerca de 2.000 m\u00b2 de \u00e1rea coberta. \u201cDepois que mudamos para o novo galp\u00e3o, n\u00f3s modernizamos quase todas as etapas de produ\u00e7\u00e3o com a implanta\u00e7\u00e3o de processos mecanizados. Desse ano em diante o crescimento se deu de forma mais acelerada. Come\u00e7aram a surgir novas oportunidades junto ao mercado sider\u00fargico.<\/p>\n\t\t<\/div>\n\t\t<!-- End Announcement Excerpt -->\n\n\t\t\n\t<\/div>\n\t<!-- End Timeline Content -->\n\n<\/div>\n<!-- End Timeline Block -->\n\n<div class=\"cd-timeline-block julho 01 2019 announcement-1144 no-animation no-icon\">\n\n\t\n\t\t<div class=\"cd-timeline-img cd-picture icon-no-readmore\" style=\"background:#75CE66;\">\n\n\t\t\t<!-- Custom Action Hook -->\n\t\t\t\n\t\t\t\t<!-- Standard Font Awesome Icon -->\n\t\t\t\t<span class=\"fa fa-dot-circle-o\" title=\"Reposicionamento da marca\"><\/span>\n\n\t\t\t\n\t\t<\/div> <!-- cd-timeline-img -->\n\n\t\n\t<!-- Timeline Content -->\n\t<div class=\"cd-timeline-content\">\n\n\t\t\n\t\t<!-- Announcement Title -->\n\t\t<div class=\"cd-timeline-title-container\">\n\n\t\t\t\n\t\t\t<h2 class=\"cd-timeline-item-title\">\n\t\t\t\tReposicionamento da marca\t\t\t<\/h2>\n\n\t\t\t\t\t\t\t<p class=\"timeline-date\">\n\t\t\t\t\t2019\t\t\t\t<\/p>\n\t\t\t\t\t\t<\/div>\n\t\t<!-- End Announcement Title -->\n\n\t\t<img loading=\"lazy\" decoding=\"async\" width=\"800\" height=\"1011\" src=\"https:\/\/buenogestaoambiental.com.br\/website\/wp-content\/uploads\/2019\/07\/logos.jpg\" class=\"announcement-banner-image\" alt=\"Reposicionamento da marca\" \/>\n\t\t<!-- Announcement Excerpt -->\n\t\t<div class=\"the-excerpt\">\n\t\t\t<p>Em 2019, a marca Bueno passou por uma reformula\u00e7\u00e3o\u00a0de sua marca com o objetivo de\u00a0expressar\u00a0toda a moderniza\u00e7\u00e3o pela qual a empresa vem passando. Hoje, mais do que coletar sucata, a empresa presta um servi\u00e7o completo de gest\u00e3o de res\u00edduos s\u00f3lidos.<\/p>\n\t\t<\/div>\n\t\t<!-- End Announcement Excerpt -->\n\n\t\t\n\t<\/div>\n\t<!-- End Timeline Content -->\n\n<\/div>\n<!-- End Timeline Block -->\n\n\t\t\t<\/section>\n\n\t\t\t<!-- Timeline Express Free v1.8.1 | Site: https:\/\/www.wp-timelineexpress.com | Author: CodeParrots - http:\/\/www.codeparrots.com -->[\/vc_column_text][\/vc_column][vc_column width=&#8221;1\/4&#8243;][vc_wp_custommenu nav_menu=&#8221;50&#8243;][\/vc_column][\/vc_row]<\/p>\n","protected":false},"excerpt":{"rendered":"<p>[vc_row][vc_column width=&#8221;3\/4&#8243;][vc_column_text css=&#8221;.vc_custom_1562006366924{padding-bottom: 60px !important;}&#8221;] Nossa Hist\u00f3ria x [\/vc_column_text][vc_column_text]Localizada em Mogi Gua\u00e7u, interior de S\u00e3o Paulo, \u00e0s margens da\u00a0rodovia SP 340, a Bueno \u00e9 uma empresa que pensa na preserva\u00e7\u00e3o ambiental e no futuro, por isso est\u00e1 sempre investindo em equipamentos de \u00faltima gera\u00e7\u00e3o, treinando funcion\u00e1rios e dando assist\u00eancia total na gest\u00e3o de res\u00edduos, desde a coleta at\u00e9\u00a0sua destina\u00e7\u00e3o final. A imagem da empresa firmou-se por sua compet\u00eancia e honestidade, sempre buscando atender \u00e0s necessidades dos clientes e dos fornecedores, visando prestar um servi\u00e7o de qualidade e facilitando o cotidiano de todos os envolvidos.[\/vc_column_text][vc_column_text][\/vc_column_text][\/vc_column][vc_column width=&#8221;1\/4&#8243;][vc_wp_custommenu nav_menu=&#8221;50&#8243;][\/vc_column][\/vc_row]<\/p>\n","protected":false},"author":2,"featured_media":0,"parent":0,"menu_order":0,"comment_status":"closed","ping_status":"closed","template":"page-templates\/template-fullwidth.php","meta":{"_seopress_robots_primary_cat":"","_monsterinsights_skip_tracking":false,"_monsterinsights_sitenote_active":false,"_monsterinsights_sitenote_note":"","_monsterinsights_sitenote_category":0,"footnotes":""},"aioseo_notices":[],"_links":{"self":[{"href":"https:\/\/buenogestaoambiental.com.br\/website\/wp-json\/wp\/v2\/pages\/1126"}],"collection":[{"href":"https:\/\/buenogestaoambiental.com.br\/website\/wp-json\/wp\/v2\/pages"}],"about":[{"href":"https:\/\/buenogestaoambiental.com.br\/website\/wp-json\/wp\/v2\/types\/page"}],"author":[{"embeddable":true,"href":"https:\/\/buenogestaoambiental.com.br\/website\/wp-json\/wp\/v2\/users\/2"}],"replies":[{"embeddable":true,"href":"https:\/\/buenogestaoambiental.com.br\/website\/wp-json\/wp\/v2\/comments?post=1126"}],"version-history":[{"count":5,"href":"https:\/\/buenogestaoambiental.com.br\/website\/wp-json\/wp\/v2\/pages\/1126\/revisions"}],"predecessor-version":[{"id":1211,"href":"https:\/\/buenogestaoambiental.com.br\/website\/wp-json\/wp\/v2\/pages\/1126\/revisions\/1211"}],"wp:attachment":[{"href":"https:\/\/buenogestaoambiental.com.br\/website\/wp-json\/wp\/v2\/media?parent=1126"}],"curies":[{"name":"wp","href":"https:\/\/api.w.org\/{rel}","templated":true}]}}